uppose -483*t = -485*t + 32. List the prime factors of (-4409)/(-11) - t/(-88).
401
Let i(y) = -137*y + 5614. What are the prime factors of i(-14)?
2, 7, 269
Let z(r) = -r + 10. Let k be z(4). Let s(p) = p**3 - 8*p**2 + 15*p - 15. Let b be s(k). Suppose -b*n + 13 = -62. List the prime factors of n.
5
Let u(h) be the first derivative of 23*h**3 - h + 16. Let g be u(-1). Let m = g + 152. List the prime factors of m.
2, 5, 11
Let o(j) be the second derivative of j**4/12 + 3*j**3/2 - 24*j**2 + 2*j + 53. What are the prime factors of o(-13)?
2
List the prime factors of (-765968)/(-88) - 5 - 8/44.
8699
Suppose -8444*u - 4743 = -8447*u. What are the prime factors of u?
3, 17, 31
Suppose -5*p + 4*b = -208364 - 50616, -51796 = -p - 2*b. List the prime factors of p.
2, 23, 563
Suppose 5*u + 5*f - 178 = 47, 3*u - 4*f = 114. List the prime factors of (74/(-7))/((-6)/u).
2, 37
Let x(f) = 52*f**3 - 33*f**2 + 18*f - 17. What are the prime factors of x(8)?
3, 43, 191
Let u(m) = -4*m**3 - 214*m**2 + 110*m + 31. What are the prime factors of u(-55)?
7, 1733
Let b be (33 - (-4 - -2))*(13 - 12). Suppose -30*d + b*d - 735 = 0. What are the prime factors of d?
3, 7
Let v(n) = 332*n + 955. List the prime factors of v(6).
7, 421
Let w(k) = -7*k + 1. Let z(b) = -64*b + 179. Let x(y) = w(y) - z(y). List the prime factors of x(40).
2, 1051
Suppose -4*t = -33*t + 223764. List the prime factors of t.
2, 3, 643
Suppose -122682 = -4*n - 10*j + 87178, -5*n + 262417 = j. List the prime factors of n.
3, 5, 3499
Let q be -1*0/(-11 + 5). Suppose q = -82*h + 81*h + 147. What are the prime factors of h?
3, 7
Let p = 2007 - 2822. Let r = 1689 + p. What are the prime factors of r?
2, 19, 23
Let w(a) = -a**3 + 61*a**2 + 106*a + 643. List the prime factors of w(59).
13859
Let s(b) be the first derivative of b**2/2 + 12*b - 8. Let d be s(-18). What are the prime factors of 16/d*3/(-2)?
2
Suppose 0 = -4*n + 20. Suppose -2*o = -243 - 401. Suppose -n*x + o = 62. What are the prime factors of x?
2, 13
Let s = -62 + 66. Suppose 5*b = s*p - 896, -5*p + 4*b = -p - 892. What are the prime factors of p?
3, 73
Suppose 0*b + 3*b - 18 = 0. Suppose b*m = 5*m - 42. Let r = m + 64. What are the prime factors of r?
2, 11
Let g = -23 - -2. List the prime factors of (-56)/g*(-6)/4 - -297.
293
Suppose 0 = 4*y + 3*l + 2887, -3*y = -3*l + 2045 + 115. Let c = -533 - y. What are the prime factors of c?
2, 47
Suppose 3*i - 78*y - 12954 = -80*y, 0 = 5*i - y - 21577. What are the prime factors of i?
2, 13, 83
Let k(d) = 1103*d**2 + 1421*d - 10039. List the prime factors of k(7).
3, 5, 11, 109
Suppose 220 = 5*o + 225. Let i(c) = -579*c**3 - 6*c**2 - 9*c - 2. List the prime factors of i(o).
2, 5, 29
Let p(u) = -2*u**2 + 10*u - 3. Let f be p(7). Let a = f + -8. Let n = a + 122. List the prime factors of n.
83
List the prime factors of 3212/6*((-3)/(-8) - (-2079)/88).
2, 11, 73
Let q be (7 + -3)*(4 - 3). Let l be q/6 + 244/3. Suppose 6*p = -l + 328. What are the prime factors of p?
41
Let p be 95/38*((-72)/5)/(-4). Suppose p*s - 1208 = s. List the prime factors of s.
151
Let f = -65221 + 124015. What are the prime factors of f?
2, 3, 41, 239
Let t(r) = -8*r**2 + 910*r - 164. List the prime factors of t(75).
2, 7, 17, 97
Let s(m) = -101*m - 102. Let n be s(10). What are the prime factors of (-240)/600 + (2 - n/5)?
2, 7
Suppose -16*m + 86784 = 6*m - 10*m. List the prime factors of m.
2, 113
What are the prime factors of (1204/1 - -2) + (-1 - 0)?
5, 241
Let d(s) = -s**3 + 11*s**2 + 173*s - 57. List the prime factors of d(-12).
3, 131
What are the prime factors of (-416)/32 + -1 + 6894?
2, 5, 43
Let c = -176 + 420. Suppose 2*z + 0*z = c. Let h = z - 72. What are the prime factors of h?
2, 5
Let x(u) = -92*u - 38. Let v be x(5). Let b = -165 - v. List the prime factors of b.
3, 37
Suppose 493*g = 491*g + 8. Suppose -p - 2084 = -3*l + p, -2*p + g = 0. List the prime factors of l.
2, 3, 29
Suppose -l - 3*l = -4*n + 1660, 0 = -2*n - 5*l + 823. Suppose -n*z = -406*z - 4488. What are the prime factors of z?
3, 11, 17
Let f(p) = 512*p**3 - 6*p**2 - 2*p. What are the prime factors of f(2)?
2, 3, 113
Let q(k) = 11*k**2 - k**3 + 27 - 25*k + 8*k + 6*k**2 + 13. Suppose -3*f = -13 - 35. List the prime factors of q(f).
2, 3
List the prime factors of (6 + -8)*((-31901)/6 - 6)*3.
109, 293
What are the prime factors of ((-3)/3)/((-17)/(58333 - -11))?
2, 3, 11, 13
Let p be ((-2)/5)/(6/60). Let g be ((-14)/p - 2)*2. Suppose -2*z + g*d + 101 = -135, 0 = -5*z + d + 564. List the prime factors of z.
2, 7
Suppose 5*i = 3*v + 364, -2*v - 5*i + 251 = -4*v. Let r = -29 - v. Suppose 207 = 4*p + 3*t, 4*p - 118 = 2*t + r. What are the prime factors of p?
3, 17
Let y be 11/(-2)*(2 - 440/4). Suppose -2*o = -3*f + 226, o = 5 - 1. Suppose -f = 3*x - y. List the prime factors of x.
2, 43
Let i(v) be the third derivative of 19*v**4/24 - v**3 + v**2 + 60. Let n(m) = m**2 + m + 2. Let d be n(-2). What are the prime factors of i(d)?
2, 5, 7
Suppose 334444 + 578021 - 99943 = 58*j. List the prime factors of j.
14009
Suppose -22*b - 6*b + 195860 = 0. What are the prime factors of b?
5, 1399
Let b(g) = 7*g**3 + 9*g**2 - 26*g - 43. List the prime factors of b(5).
3, 103
Suppose 0 = -247*n + 249*n + 4*y - 9652, 30 = -5*y. What are the prime factors of n?
2, 41, 59
Let k = 78 + -73. Suppose k*v - 10444 = 3*v. What are the prime factors of 1/(-3) + v/42?
2, 31
Let c(d) = d**3 + 4*d**2 - 3*d - 11. Let q be c(-5). Let t = 125 - q. Let k = t - 83. List the prime factors of k.
3, 7
Suppose 0 = 139*z - 81096 + 59360 - 172725. List the prime factors of z.
1399
Let i be (-6 + 14)/(2/(-40)). Let r = 229 + i. Let k = r + -35. What are the prime factors of k?
2, 17
Let o(w) = 5*w**2 - 6*w - 76. Let i be o(15). Suppose -6*u = -13*u + i. What are the prime factors of u?
137
Let n(u) be the third derivative of -u**6/15 + u**5/20 + 23*u**3/6 - 107*u**2. List the prime factors of n(-4).
11, 53
Suppose 39*h + 0*h = 18*h + 477267. What are the prime factors of h?
22727
Let k(b) = 15323*b**2 - 3*b + 9. What are the prime factors of k(1)?
15329
Let n(d) = 3*d**3 - 63*d**2 - 62*d - 32. List the prime factors of n(23).
2, 3, 11, 13
Let p(o) = o**3 - 5*o**2 + 7*o - 6. Let h be p(4). Let g be 22/33 - (16/h)/(-2). Suppose 0 = -3*d + g + 211. List the prime factors of d.
71
Suppose 2*c - 32 = 20. What are the prime factors of 24/3 + -12 + c*13?
2, 167
Let p(x) be the second derivative of -4*x + 0 - 7/2*x**2 + 5/2*x**3. List the prime factors of p(3).
2, 19
Let m(f) = -3688*f - 17. Let s be m(-4). Suppose -52*a + s = -3829. List the prime factors of a.
3, 7, 17
Suppose -5*m - 13*p + 265388 = 0, 146*m - 148*m + 106166 = 4*p. What are the prime factors of m?
53101
Let f be (14 - 2)*(-28)/(-42). Let r = 10 - f. What are the prime factors of r*30 + 0/12?
2, 3, 5
Let f be (4/3)/((-32)/(-264)). Suppose p + 10330 = f*p. List the prime factors of p.
1033
Suppose -b - 2*h + 28 = 0, -b + 42 = b - 3*h. Suppose i - b - 366 = 0. List the prime factors of i.
2, 3, 5, 13
Suppose 0 = 4*g - 12*g + 32. Suppose -g*i - i = -40. Let b = 33 - i. List the prime factors of b.
5
Let d be 2992/33 - (-2)/6. Let p = d + -88. Suppose 2*m - 264 = p*f, 4*m = 6*m + 5*f - 264. What are the prime factors of m?
2, 3, 11
Let x be 4/6 - 250/(-75). What are the prime factors of ((-4)/(x + -8))/(2/1110)?
3, 5, 37
Suppose 15*v - 16*v = 2*t - 6, 2*t = 5*v - 18. What are the prime factors of (t/(2/13))/((-150)/(-12300))?
13, 41
Suppose -28*v = -n - 24*v, n - 5*v = 0. Suppose -2*u - 54 + 2630 = n. What are the prime factors of u?
2, 7, 23
Let o(j) = j**2 - 14*j + 28. Let g be o(12). Suppose 226 = 5*h - g*h. What are the prime factors of h?
2, 113
Let f(t) = -t**3 + 25*t**2 + 26*t + 12. Let o be f(26). Let k(j) = -17*j + o*j**2 - j**3 + 0 + 3 + 3*j**3 - 3*j**3. List the prime factors of k(10).
3, 11
Suppose -3*l + 9*l = 12. Suppose 3*n = -l*b - 2*n + 309, 2*n - 804 = -5*b. Suppose -1051 = -4*u + 5*k, -2*u + b = -3*k - 365. What are the prime factors of u?
7, 37
Let a(j) = 16*j**2 + 6*j + 20. Let r be (-33)/6 + 9/(-6). What are the prime factors of a(r)?
2, 3, 127
Let s(l) = 3*l**2 + 17*l + 25. Let t(c) = -7*c**2 - 33*c - 50. Let k(d) = 9*s(d) + 4*t(d). Let v be k(19). List the prime factors of (2/(-17) - (-2)/17) + v.
3, 7
Supp